 factors of c(-8).
37
Let o(y) = -2*y - 2. Let z be -3 + -1*3/3. Let t be o(z). Suppose -42 = 3*p - t*p. What are the prime factors of p?
2, 7
Let r be (-3 + 0 + 3)/3. Suppose -x - 7 + 27 = r. List the prime factors of x.
2, 5
Let s be (-3)/1 + 0/(-2). Let l = 6 + s. Suppose -g = -l*g + 6. What are the prime factors of g?
3
Let k be (4 - 4) + 5*4. List the prime factors of ((-1)/(4/k))/(-1).
5
Suppose -3*i + 16 = -l - l, 2*l = 4*i - 20. List the prime factors of 0 + l + -1 - -18.
3, 5
Suppose 5*k - 2*k - 168 = 0. Suppose 2*m - k = -4*b, 5*m + 25 = 3*b - 30. What are the prime factors of b?
3, 5
Suppose 0 = -c + b + 2, 5*c = b + 2 + 12. Suppose u - c*u = -6. List the prime factors of (8/u)/((-14)/(-21)).
2
Let p(d) be the first derivative of -d**4/4 + 5*d**3/3 + 9*d**2/2 - 5*d + 4. List the prime factors of p(6).
13
Let w = -6 + 10. Let x(n) = -n**3 + 3*n**2 + n - 1. Let o be x(3). Let u = w + o. List the prime factors of u.
2, 3
Let w be (-2)/(-4) - (-20)/(-8). What are the prime factors of 18 - w/(0 - 2)?
17
Suppose -c = 2*w - 3 - 8, -3*c + 4*w = -3. Let i = -5 + c. Suppose -x + 24 - 9 = i. List the prime factors of x.
3, 5
Suppose 5*w = -5*p + 85, -3*p + w + 51 = -3*w. List the prime factors of p.
17
Suppose 2*g - 3*g + 266 = -2*f, g + 4*f - 248 = 0. What are the prime factors of g?
2, 5, 13
Let l(s) = -s + 37. What are the prime factors of l(0)?
37
Let j(l) be the first derivative of -1 + 1/2*l**2 - l. What are the prime factors of j(4)?
3
Suppose -3*a + 0*a + 12 = 0. Let t be 4/5*70/a. Suppose t = 3*y - 4. What are the prime factors of y?
2, 3
Let k be 64/(-36) + 2/(-9). List the prime factors of k/2 + (-7)/(-1).
2, 3
Suppose 93 = 5*k - 2*w - 12, 0 = -2*w. What are the prime factors of k?
3, 7
Let b be (-2 - 2)*3/(-6). Suppose b*d - 2 = f + f, 0 = 4*f - d - 5. Let t(r) = r**3 + r**2 - 4*r + 3. What are the prime factors of t(f)?
7
Let t be 12/(2 + 15/(-12)). Suppose -p - t = p. Let n = -2 - p. What are the prime factors of n?
2, 3
Suppose -2*r - 2*r - 2 = 2*w, -3*w + 24 = -3*r. What are the prime factors of (-5 - r) + (-2 - -8)?
2
Let r be (3 + -1)*3/2. Let d = 1 + r. List the prime factors of d.
2
Suppose 3*f = -4*h + 27, 0*h + 2*f - 1 = 3*h. Suppose -4*o - h*s + 23 = -4, 4*o - 5*s = 51. List the prime factors of o.
3
List the prime factors of (-1)/(-3) - (-3740)/30.
5
Suppose 4*v = 5*m - 56, -v - 5*m + 47 = -4*v. Let w(z) = z**3 - 5*z**2 - 2*z + 1. Let t be w(4). Let j = v - t. List the prime factors of j.
2, 7
Let a = 68 - -152. What are the prime factors of a?
2, 5, 11
Suppose -5*v + a - 55 = 0, 5*a = -7*v + 3*v - 15. Let p = -8 - v. Let r = p + 13. List the prime factors of r.
3, 5
Suppose 4*i + i = -5, 4*i - 16 = -5*a. List the prime factors of a.
2
Suppose i = -2*y - 12, -3*y - 15 = 5*i - 2*i. Let a(q) = q + 15. List the prime factors of a(y).
2
Let a(p) = p**3 - 12*p**2 + p - 4. What are the prime factors of a(12)?
2
Let j = 19 - 23. List the prime factors of (-51 - -3)/j - 3.
3
Let m(o) = o**3 - o**2 - o + 4. Let t be m(0). Suppose 0 = -t*s + 5*s - 8. List the prime factors of s.
2
Let j(f) = f + 3. Let b(q) = -q**2 - 5*q. Let o be b(-6). Let g be j(o). Let l(n) = -4*n - 3. List the prime factors of l(g).
3
Let u(m) = m**3 - 13*m**2 + 13*m + 12. Let w be u(12). Suppose 2*f - w + 0 = 0. List the prime factors of f.
2, 3
Suppose -3*a - 22 = -2*a. List the prime factors of a/1*(-5)/10.
11
Let m = -10 - -11. List the prime factors of (-2 + 3)*17 - m.
2
Let f be (0/(-2))/(6 + -5). Let u(y) = -y + 22. List the prime factors of u(f).
2, 11
Let d = 6 - 6. Suppose d*g = -3*g + 39. What are the prime factors of g?
13
Let h(l) = -4*l - 2. Let f be h(-2). Suppose 2*s = s - 8. List the prime factors of -2*6/s*f.
3
Let o(g) = g. Let v be o(4). Suppose 4*n + 0*r - 132 = 4*r, 0 = v*n - r - 147. Let z = -25 + n. List the prime factors of z.
13
Let m(b) = -5*b**3 - 2*b**2 - 2*b. List the prime factors of m(-2).
2, 3
Let z = 3 + -3. Suppose 0 = -z*f + 2*f. Suppose k + 5*a - 70 = -4*k, f = -k - 5*a + 26. What are the prime factors of k?
11
Let u be (-1 - 7)*(-5 + 7). List the prime factors of u/(-1*2) - 1.
7
What are the prime factors of (252/30)/((-1)/(-10))?
2, 3, 7
Suppose -3*s = v + 4, -4*v - 1 = 2*s + 5. Let x = v + 4. Suppose -g - 6 = -0*g + 4*q, 2*q + 38 = x*g. List the prime factors of g.
2, 5
Let s(m) = -m**3 + 5*m**2 - 3*m. Let v be (-4)/10 + 276/15. Suppose -1 - 5 = 3*r, 4*q - v = r. List the prime factors of s(q).
2
Suppose 4*x + g - 752 = 134, 3*g = -x + 216. What are the prime factors of x?
2, 3, 37
Suppose 0 = q + q - 80. What are the prime factors of (8/(-10))/((-2)/q)?
2
Suppose 3*c = -2*f + 23, 9*f + 5 = 4*f + 5*c. Suppose -11 - 17 = f*d. Let y = 23 + d. What are the prime factors of y?
2
Let b be ((-5)/2)/(3/(-18)). Suppose b = 5*l + k - 5*k, -12 = -4*l - 4*k. Let h = l + 4. List the prime factors of h.
7
Let k = -68 - 9. Let l = 112 + k. What are the prime factors of l?
5, 7
Let f(h) = 2*h**2 + 14*h + 57. What are the prime factors of f(-10)?
3, 13
Suppose -l + 6*l - 35 = 0. Suppose l*u = 3*u + 4*p + 16, 12 = 3*u - p. List the prime factors of ((-17)/u)/(1/(-4)).
17
Let s = -18 - -9. Suppose -5*l - w + 80 = -6*w, -4*w - 83 = -5*l. Let y = s + l. List the prime factors of y.
2, 5
Let r be -5 + 2 + 0 + 1. Let z(p) = -9*p - 2. List the prime factors of z(r).
2
Let t = -2 - -4. Suppose 0*r - 12 = -t*r. List the prime factors of r/4*(3 - 1).
3
Let o be (3/(-2))/((-6)/(-112)). Let f = -103 - -62. Let v = o - f. What are the prime factors of v?
13
Let w be (-10)/(-1) + 3 + -2. Let p = -6 + w. What are the prime factors of p?
5
Let b = 17 - 13. Let s be (0 - -1)*(-1 - -1). Suppose -b*i - i + 15 = s. List the prime factors of i.
3
Let c(l) = l**3 + 4*l**2 - 5*l + 3. Let r = 30 - 4. Suppose 0 = -5*x - r + 6. List the prime factors of c(x).
23
Suppose 54*k = 60*k - 996. What are the prime factors of k?
2, 83
Let a be (-4)/(-10) + 198/30. List the prime factors of 10*(a + -2 + -3).
2, 5
Let f(w) = 31*w - 7. What are the prime factors of f(4)?
3, 13
Let i(g) = g**2 - 5*g - 3. Suppose 0 = 3*q + 7*c - 3*c - 3, -3*q - c = -12. Let n be i(q). Let o(t) = -t**2 - 5*t - 2. List the prime factors of o(n).
2
Suppose 6*y + 404 = 10*y. List the prime factors of y.
101
Let v = -1 - -32. List the prime factors of v.
31
Let p be (-3)/(-7) - 10/7. Let l = 4 + p. Suppose -l*y - 12 = -4*y. List the prime factors of y.
2, 3
Suppose -2 = 2*k, -4*s + 2*k + 73 + 153 = 0. List the prime factors of s.
2, 7
Suppose 5*p - 35 = -4*z, 6 = p + 4*z - 1. What are the prime factors of p?
7
Let t = 7 - 4. Suppose -28 = 2*q + 4*g, 3*q - t*g + 7*g = -34. What are the prime factors of (-136)/(-14) - q/21?
2, 5
Suppose -167 + 23 = -9*m. What are the prime factors of m?
2
Let u(b) be the second derivative of -b**4/12 - 5*b**3/3 - 3*b**2/2 - 7*b. Let h = -13 - -4. What are the prime factors of u(h)?
2, 3
Suppose 0*h - 48 = -4*h. Suppose 3 - h = -3*u. List the prime factors of u.
3
Let k(r) = r**2 - 8*r + 11. Let a be k(8). Suppose 4*i - a = 3*i. List the prime factors of i.
11
Let o be (-2)/4 - 26/(-4). Suppose -2*y = -0*y - o. List the prime factors of y.
3
Suppose -8*u = -3*u - 165. Suppose h - u = -0*h. Suppose 0 = -2*f + 5*f - h. What are the prime factors of f?
11
Let b be 0 - -6*(-3)/6. Let f = b + 11. What are the prime factors of f?
2
Let j = 232 - 53. What are the prime factors of j?
179
Suppose -4*p = -3*h + 9, -8 = -0*p - 2*p + 4*h. Let b = 16 + p. Suppose -b = 2*s, 3*v = -v - 4*s + 56. What are the prime factors of v?
19
Let f(q) = -7*q - 9. What are the prime factors of f(-9)?
2, 3
Let m be 4/10 + (-26)/(-10). Suppose 0*d - 3*d - k = -31, m*k + 39 = 3*d. What are the prime factors of d?
11
Let i(d) = -2*d. What are the prime factors of i(-6)?
2, 3
Let k = 9 + -13. Let h(m) = 3*m**2 - 3*m - 5. Let s be h(k). Suppose -3*n = 2*n - s. List the prime factors of n.
11
Suppose 5*i - 5 - 5 = -5*x, 2*i = -5*x + 7. Let k be (0/(-1))/((-1)/x). Suppose 3*u - 11 - 4 = k. What are the prime factors of u?
5
Let d be 60/14 + (-4)/14. Let j be d/18 + (-2)/9. Suppose w - 3*k + 6 = j, -w + k + 3 = w. What are the prime factors of w?
3
Suppose 0*t + 2*t = 18. Suppose 23 = -3*o + 4*o. Let d = o - t. What are the prime factors of d?
2, 7
Let s(m) = -m**3 - m**2 + 2*m + 4. Let u be ((-